((-25)/15)/((-2)/6). Suppose s + 5*d = 25, k*s - 2*d = -0*d + 71. What is the tens digit of s?
1
What is the units digit of 6/4*(-16)/(-3)?
8
Suppose 5*m = 4*m + 36. What is the units digit of m?
6
Let c = 16 + 38. What is the units digit of c?
4
Let p(t) = -4 + 4 + 2 + 2 - 2*t. What is the tens digit of p(-7)?
1
Let h(g) = -g**3 + g**2 - g + 4. What is the units digit of h(0)?
4
Let w = -9 - -13. Suppose 4 = -w*f + 12. Suppose -f*s + 25 = 3*s. What is the units digit of s?
5
Let f(d) = -d**3 - 2*d**2 + 2*d + 1. Let y be f(-4). Suppose 4*b - j = -0*j + 19, 3*j + y = 4*b. What is the units digit of b?
4
Let l(r) be the second derivative of -r**3/6 - 15*r**2/2 + 4*r. Let g be l(-8). Let v = g - -16. What is the units digit of v?
9
Suppose 15 = -3*a, -3*a = 4*w - 2*w + 33. Suppose -51*z + 49*z = -28. Let i = w + z. What is the units digit of i?
5
Suppose 0 = -2*b + 6*m - m + 212, 2*m + 4 = 0. Suppose 5*z = -2*g + b, -2*g + g = 5*z - 103. Suppose -z = -2*d - d. What is the units digit of d?
7
Let i be (0 + -3)*(-3)/9. Let f(r) = 3*r**2 - r. Let w be f(i). Suppose -5*d = -5*h - 45, -2*d + 11 = w*h + 1. What is the units digit of d?
7
Let p be -1*4*21/28. Let i be (0 - (-3 - p))*1. Suppose m - 14 - 2 = i. What is the units digit of m?
6
Suppose 2*q = -q - 5*a + 47, 5*a - 20 = 0. What is the tens digit of 4/((-1)/(q/(-2)))?
1
Suppose -6 = -c - 1. Suppose -c*x - 20 = -x. Let u = -2 - x. What is the units digit of u?
3
Let i(f) = 7*f**2 - 3*f + 17. What is the tens digit of i(-5)?
0
Let g(f) = -f**3 - f**2 + f + 2. Let u be g(0). What is the tens digit of (1/u)/((-2)/(-96))?
2
Let m(x) = x**2 - 9*x + 9. Let k be m(9). Let z be 1 + (-2)/((-2)/2). Suppose -4*c + k = -z. What is the units digit of c?
3
Suppose 4*n - 487 = 2*r + 199, -2*n - 5*r + 337 = 0. What is the tens digit of n?
7
Let f(c) = 26*c - 3. Let g(i) = 27*i - 3. Let t(y) = -6*f(y) + 5*g(y). What is the units digit of t(-2)?
5
Let z(n) = -2*n - 32. What is the units digit of z(-22)?
2
Suppose 3*a = -2*a + 570. What is the tens digit of a?
1
What is the tens digit of (2 - (-68)/(-7))/((-1)/7)?
5
Let q = 4 + 0. Suppose -3*b = -q*b + 27. What is the units digit of b?
7
Let x(w) = 2*w + 13. What is the units digit of x(12)?
7
Let i be -5 + -2*(-2)/4. Let u(f) = -f**3 - 5*f**2 - 3*f - 1. Let r be u(i). Let y = 1 - r. What is the units digit of y?
6
Suppose 0*h - 68 = -2*h + 4*b, 2 = -2*b. Suppose 3*t = p + 24, 0 = 4*t + p - 0 - h. What is the units digit of t?
8
What is the units digit of ((-123)/1)/(3/(-1))?
1
Let q(d) be the second derivative of d**5/20 - d**4/2 - 2*d**3/3 - 5*d**2/2 + 3*d. What is the tens digit of q(7)?
1
What is the units digit of (-4)/5 + (-109)/(-5)?
1
Let c(u) = u**3 + 9*u**2 + 5*u + 5. Let l be c(-9). Let h = l + 56. What is the tens digit of h?
1
Let j = -6 - -8. Let b(u) = u**2 - 8*u + 10. Let m be b(7). Suppose 0 = j*r + m*s - 13, 4*r - 7 - 17 = -4*s. What is the units digit of r?
5
Let c be (-66)/(-14) - 2/(-7). Suppose -4*f = 2*b - 4, -b - 12 = -5*b - 4*f. Suppose b*k - 15 = -3*n, 2*n - 15 = -n + c*k. What is the units digit of n?
5
Suppose -4*r = 4 - 12. Suppose -r*w + 4*w - 4 = 0. Suppose w*u + 0*u = 24. What is the units digit of u?
2
Let p be (3/(-9))/((-2)/18). Let y = p + 0. Suppose -y*g - 2*g = -j - 22, -3*g + 2 = 5*j. What is the units digit of g?
4
Let q(t) = -2*t - 16. Let i be q(-11). Suppose i*x - x = 50. What is the tens digit of x?
1
What is the hundreds digit of 8/(-32) + (-1618)/(-8)?
2
Suppose -3 = -3*j + 2*j. Suppose -76 = -5*q - j*c, -2 + 0 = -q - 5*c. Suppose 5*f + 10 = 0, -3*v = -4*f - 6 - q. What is the units digit of v?
5
Suppose 16 + 51 = -2*q + i, 4*i = 4*q + 140. Let z = q - -55. What is the tens digit of z?
2
Let f(h) = -9*h + 18*h + 5 - 10*h. What is the units digit of f(-7)?
2
Let o = 39 + 87. Suppose -t - 7*p = -3*p - 38, -4*p + o = 5*t. What is the tens digit of t?
2
Suppose -3*r + 11 = 2. Suppose r = -4*d + 7. What is the units digit of d?
1
Suppose -15*k + 14*k + 64 = 0. What is the units digit of k?
4
Let w(f) = -3*f**2 - f - 1. Let d be w(-2). Let y(r) = r**2 + 8*r + 7. What is the units digit of y(d)?
0
Suppose -750 = -15*z + 10*z. What is the tens digit of z?
5
Let y = 3 - -32. What is the units digit of y?
5
Let m(v) be the third derivative of -v**6/120 - v**5/10 - v**4/4 + 5*v**3/6 - 2*v**2. Suppose -4 - 6 = 2*y. What is the tens digit of m(y)?
1
What is the units digit of (-35)/10*24/(-14)?
6
Suppose -152 = 2*h - 4*h. What is the units digit of h?
6
Let x = 46 - -41. What is the units digit of x?
7
Let z be 40/6*(-6)/(-5). Suppose 5*t = 3*w - 51 - z, -2*w + 2*t = -38. What is the units digit of w?
8
Suppose 4*x = 3*x + 4. Let o = x + 4. Suppose -3*j - 6 = s + 1, -2*j = o. What is the units digit of s?
5
What is the units digit of ((-9)/(-6))/(2/4)?
3
Suppose -4*o - 10 = -2*q, q - 2*q = 3*o - 5. Suppose q = 2*g - 2*z + 3*z, -16 = -g + 4*z. What is the units digit of g?
4
Let a(v) be the first derivative of -v**4/4 - 7*v**3/3 + 4*v**2 + 10*v - 1. Let f be 2/5 + (-210)/25. What is the units digit of a(f)?
0
Let o(a) = 8*a**2 + 24*a + 4. What is the tens digit of o(-6)?
4
Suppose 4*t - 2 = -5*b - 10, -2*t = -5*b + 4. Let l(w) = -5*w**3 - 4*w**2 - 2*w + 1. Let a be l(t). Suppose 4*d - 55 = a. What is the tens digit of d?
2
Let x = 140 + -89. What is the tens digit of x?
5
Let a(s) be the first derivative of -s**4/4 + 7*s**3/3 + 5*s**2/2 + 3. What is the tens digit of a(7)?
3
Suppose 52 = -g + 2*g. What is the tens digit of g?
5
Let x(a) be the second derivative of 7/20*a**5 - 1/2*a**2 + 1/6*a**3 + 1/12*a**4 + 0 - 3*a. What is the units digit of x(1)?
8
Let b = -1 - -11. Let a be ((-12)/b)/((-3)/15). Suppose 4*r + 2 = a*r. What is the units digit of r?
1
Let u = 7 - 2. Suppose u*n = 3*n. Suppose 5*y - v = 0, n*y - y = -v + 4. What is the units digit of y?
1
Let s = -4 + 26. What is the tens digit of s?
2
Let d = 8 - 0. Let o = d + 12. What is the units digit of o?
0
What is the tens digit of 1/(2 + 756/(-380))?
9
Suppose -3 = -5*x - 3*i, i + 29 - 13 = 4*x. What is the units digit of x?
3
Let l(t) be the third derivative of t**6/120 + t**5/30 - t**4/6 - t**3/2 - 5*t**2. What is the units digit of l(-2)?
5
Suppose 0 = 5*x - 15, 4*x - 14 = -h. Suppose 0 = -3*u + 5*n + 32, -h*n + 21 + 4 = 3*u. What is the units digit of u?
9
Let i = -2 - 25. What is the tens digit of (i/9)/((-6)/26)?
1
Suppose 4*p + 6 = p. What is the units digit of (-34)/(-6) - p/6?
6
Let f(p) = 3*p**2 - p + 1. Let u be f(1). Suppose -m - 182 = -5*d, u*m = -d - 3*d + 157. What is the tens digit of d?
3
Suppose 0 = -2*i - 3*i + 20. Let r = i + 3. What is the units digit of r?
7
Let a(r) = 2*r + 2. Let o be a(7). Let q = o - 28. What is the units digit of (-3)/q + 38/8?
5
Let t(i) = i - 2 - 2 - 4*i**2 + 3*i + i**3. Let v be t(3). What is the units digit of (1*-2 - v)/(-1)?
1
Suppose g - 63 = 100. What is the hundreds digit of g?
1
Let o(t) = -t + 7. Let a(s) = s - 3. Let m be a(6). Suppose 15 = m*r - 0. What is the units digit of o(r)?
2
Suppose k = 3*k - 280. What is the hundreds digit of k?
1
Let t = -59 + 91. What is the tens digit of t?
3
Let c be (-5 - -5)/(-1 - 0). Suppose w + c = 13. What is the units digit of w?
3
Let a be (-25)/10*(-12)/10. Suppose -a*d - 2 = -4*d. What is the units digit of d?
2
Let n be (0 - 2)/(12/(-30)). Let x = n - -2. What is the units digit of x?
7
Suppose 14 = -2*m - 4*l, 4*m + l + 28 + 0 = 0. Suppose 3*d + 3*b - 15 - 18 = 0, -d + b = -11. Let r = d + m. What is the units digit of r?
4
Let s(c) = c**3 - 11*c**2 - 11*c + 4. Let t be (-4)/26 - (-56)/26. Suppose -t*u + 23 + 1 = 0. What is the tens digit of s(u)?
1
Suppose 5*w = -3*u - 88 + 494, -2*u + 268 = 2*w. What is the hundreds digit of u?
1
Let q(m) = m. Let s = 9 + -7. Let z be q(s). Suppose -a = v - 8, 5*a - z*a = -4*v + 20. What is the tens digit of a?
1
Let u(h) = 95*h**3 - 2*h**2 + h. Let r be u(1). Let i = 136 - r. What is the tens digit of i?
4
Let o be 1 + (1 - 2 - -2). Suppose 0 = o*y - y - 21. What is the tens digit of y?
2
Let x(u) = -7*u + 6. Let t = -7 - -4. What is the units digit of x(t)?
7
Let q(k) = 2*k**2 + 2*k**2 + 2*k**2 + k**2. Let l be q(-1). Let b = l + -4. What is the units digit of b?
3
Let r be (-2 + 0 + 1)/(-1). What is the units digit of (r + 8)*(-1)/(-